- -38. Suppose -5*m + 2*j - 3*j = -4253, u*j = -5*m + 4259. List the prime factors of m.
2, 5, 17
Let d = 1739 - 935. Let j = d + -309. What are the prime factors of j?
3, 5, 11
Let g(m) = 112*m**3 - 56*m**3 - 31*m - 57*m**3 - 20*m**2 + 6. List the prime factors of g(-19).
2, 3, 13
Let f = -3067 - -3082. What are the prime factors of f?
3, 5
Let v(d) = -3714*d - 1824. List the prime factors of v(-3).
2, 3, 1553
Let h(a) = -14936*a**3 - 2*a**2 - 9*a - 10. What are the prime factors of h(-1)?
109, 137
Let r = 42927 - 12406. List the prime factors of r.
23, 1327
What are the prime factors of (-7328898)/(-162) - 7/63?
2, 3, 5, 13, 29
Let m be -1562 - -12 - (0 + 5). Let u = 3383 + m. What are the prime factors of u?
2, 457
Let w(g) be the first derivative of g**3/3 - 9*g**2/2 + 11*g - 46. Let a be (13 - 2 - -1)*1. List the prime factors of w(a).
47
Suppose -943494 = 66*x - 84*x - 116*x. What are the prime factors of x?
3, 2347
Suppose 87*o - 78489 = 68*o. What are the prime factors of o?
3, 17
Let w = -23 + 35. Let m be ((-66)/(-9))/(32/w + -3). Let d = m - -171. What are the prime factors of d?
149
Let h = 10023 + -4154. What are the prime factors of h?
5869
Suppose 591*u = 650*u - 467103. List the prime factors of u.
3, 7, 13, 29
Suppose 72 = 9*x - 198. Suppose o + 4*o = x. What are the prime factors of (15/o + -2)*170?
5, 17
Let x(u) = -u**3 - 13*u**2 - 23*u - 5. Let j be x(-11). Let a be 0 - (-5 + j + -2 + -3). List the prime factors of -2*((-5)/1 + a) - -117.
7, 17
Let h(g) = g**2 + 7*g - 8. Let b be h(-8). Suppose -2*z - 12*z + 672 = b. Suppose o + 5*v = -o + z, 4*v = -o + 27. List the prime factors of o.
19
Let d = 5192 - -20420. What are the prime factors of d?
2, 19, 337
Let k(p) = -31*p**3 - 54*p**2 + 15*p + 279. List the prime factors of k(-11).
34841
List the prime factors of (-608306)/(-19) - (354/114 + -3).
2, 3, 23, 29
Let i = -80 + 1031. Let q = -485 + i. What are the prime factors of q?
2, 233
Let f be (-2)/19 + (-2)/(-19). What are the prime factors of (-240)/(-4 - f) - 2?
2, 29
Let r(q) = q**3 - 32*q**2 + 24*q + 79. Let c be r(34). Suppose -3*o = 5*n - c - 441, 3*o - 2190 = -3*n. What are the prime factors of n?
3
Suppose -2*x - 3*t + 1863 = 0, 0*x - x = 2*t - 929. Suppose 2*v = 5*b - x, -v + 6*v = -4*b + 738. List the prime factors of 2/11 + 21845/b.
3, 13
Let l be 66063/9 + (-1)/3. Suppose i + 9*q - 14*q - 1464 = 0, -5*q = -5*i + l. List the prime factors of i.
13, 113
Suppose 6 - 9 = 3*t. Let r be (4 - 3)/(t + 1/2). What are the prime factors of r + 6 - 2 - -125?
127
Let l = -9 + 16. Let d(j) be the third derivative of j**5/60 + j**4/12 + 2*j**3 - 10*j**2. What are the prime factors of d(l)?
3, 5
Suppose 3*f - 19921 = -3*x - 3205, 4*f - 3*x = 22323. List the prime factors of f.
3, 11, 13
Let s(q) = 145*q + 824. What are the prime factors of s(-4)?
2, 61
Let p(n) = n**2 + n - 37. Let j be p(-7). Let h(o) be the first derivative of 5*o**3/3 + o**2 + 20*o - 5. List the prime factors of h(j).
5, 31
Let m(b) = -5*b**3 - 11*b**2 + 97*b - 157. List the prime factors of m(-22).
5, 73
Let o(k) = k**2 - 26*k - 55. Let s be o(29). Suppose 0 = s*n - 23*n - 4824. List the prime factors of n.
2, 67
Let v be (-450)/(-9)*(-150)/(-12). Suppose 4*i = -5*z + 595 + 459, -5*i - v = -3*z. What are the prime factors of z?
2, 3, 5, 7
Suppose -44505 = -13*u + 15789. Suppose 1665 = 11*i - u. List the prime factors of i.
3, 191
Let q(z) = z**2 - 3*z + 2. Let x be q(2). Suppose x = 4*p - 31 + 211. List the prime factors of (-8670)/p + 2/(-3).
2, 3
Suppose -31204 = -4*n + 1035*k - 1040*k, 2*n = 5*k + 15572. List the prime factors of n.
2, 1949
Let w(q) = -6*q**3 + 22*q**2 - 2*q - 93. Let t(j) = 4*j**3 - 21*j**2 + 4*j + 92. Let n(b) = 5*t(b) + 4*w(b). List the prime factors of n(-7).
3, 181
Suppose -9*v = 62*v - 2069153. List the prime factors of v.
151, 193
Let y(w) = -5*w**3 - 4*w**2 - 2*w + 1. Suppose 11*z = 6*z - 10. What are the prime factors of y(z)?
29
Suppose 0 = -2*d - 8*d + 3850. Suppose d = -8*u - 255. Let k = 224 + u. What are the prime factors of k?
2, 3
Let r = 284 - 306. Let z = -247 - -131. Let j = r - z. What are the prime factors of j?
2, 47
Let r = 32 + -68. What are the prime factors of 81/(-4)*(r + 8)?
3, 7
Let p be 20/(-190) + (-118)/(-38). Suppose -6 - p = -3*r - 3*o, -5*r = 3*o - 21. Suppose -r*v = -10*v + 308. List the prime factors of v.
7, 11
Let k(n) = -10*n**3 - 9*n**2 + 64*n - 27. What are the prime factors of k(-16)?
3, 5, 23, 109
Let f be (11 - (24/3)/2) + -5. Suppose 0 = -f*w + 583 + 773. What are the prime factors of w?
2, 3, 113
Let s be 31/16 + 3/48. Suppose 23*n = -s*b + 22*n + 1330, 4 = n. What are the prime factors of b?
3, 13, 17
Suppose -6*k = -x + 787, -56*x = -61*x + 3*k + 3773. What are the prime factors of x?
751
Let b(r) = r**2 - 41*r + 7. Let y be b(41). Suppose y*i - 32*i + 14350 = 0. What are the prime factors of i?
2, 7, 41
Let c be (216 - 2)*(-39 - -54). Suppose 5*u + c = w + 8050, -4*u = w - 3881. What are the prime factors of u?
3, 17, 19
Suppose -113*r + 1715120 = -69*r. List the prime factors of r.
2, 5, 1949
Let m = 66 + -55. Let a(n) = -n**2 + 9*n + 25. Let s be a(m). Suppose 512 = s*u + 5*u. What are the prime factors of u?
2
Let p = -592 - -1091. Suppose 8*j - 13*j + 624 = i, -p = -4*j - i. List the prime factors of j.
5
Suppose -j - 269 = -272. Suppose j*t - 156 = -2*b + 410, -2*b + 2*t = -576. What are the prime factors of b?
2, 11, 13
Suppose -674 = 4*b - g + 213, 0 = -5*b + 2*g - 1105. Let s = 425 + b. List the prime factors of s.
2, 101
Let s(i) = -3*i**2 - 337*i + 985. What are the prime factors of s(-112)?
1097
Suppose 2*l = j - 2, 6*l - 11*l - 2 = -j. Suppose -61*v + 58*v + 15 = l. Suppose 3*r = -k + 361, -v*r + k = -2*k - 597. What are the prime factors of r?
2, 3, 5
Let y = 17889 - 10724. What are the prime factors of y?
5, 1433
Let t(k) = -k + 28. Let v be t(-36). What are the prime factors of v/(-6)*((-11)/2 + -5)?
2, 7
Let s(v) = -30 - 2 - 2*v**3 - 333*v - 335*v + 5*v**3 + 670*v. List the prime factors of s(6).
2, 157
Let b be 3 + (5 - -2) - 9/9. Suppose b*u - 5028 = -258. List the prime factors of u.
2, 5, 53
Let f(q) be the second derivative of -5/6*q**3 - 22*q - 3/4*q**4 - 1/10*q**5 + 0 - 1/2*q**2. List the prime factors of f(-6).
137
What are the prime factors of (54507/(-6))/(15/(-10)) - 26/(-39)?
3, 673
Let x = 572 - 568. Suppose 18*r = -x*r + 264. List the prime factors of r.
2, 3
What are the prime factors of 20*-8*(-774)/36?
2, 5, 43
Let h = 13452 + -128. List the prime factors of h.
2, 3331
Let m(z) = z + 22. Let n be m(-19). Suppose 5*f + 25 = 0, 0 = 3*x - 7*x - n*f + 7633. List the prime factors of x.
2, 239
Suppose -87*s + 120 = -93*s. Let t(q) = -q**3 - 15*q**2 + 41*q - 38. What are the prime factors of t(s)?
2, 571
Suppose -4*v - 16 + 24 = 0. Suppose -4*n + 704 = -v*n - 3*j, -1056 = -3*n - 3*j. List the prime factors of n.
2, 11
Suppose -11*l + 863 = 3745. Let d = -66 - l. What are the prime factors of d?
2, 7
Let s(t) be the second derivative of t**5/5 + t**4/4 + 13*t**3/6 - 7*t**2 + 51*t. List the prime factors of s(4).
2, 3, 19
Let n(d) = 2*d**2 + 25*d + 80. Let k be n(-6). Suppose -k*z = -4*o + 356, o - z = 3*z + 96. What are the prime factors of o?
2, 11
Let q(s) = s**3 - 18*s**2 - 19*s - 344. What are the prime factors of q(25)?
2, 7, 127
Let a(q) = 312*q**2 + 47*q + 359. List the prime factors of a(12).
13, 3527
Suppose -3*h = -j - 19366, 0 = -3*h + 7*h - 2*j - 25820. What are the prime factors of h?
2, 3, 269
Let s be (-16)/(-3)*(-3)/2. Let a(i) = -188*i + i**3 + 185*i - 6 + 22 + 8*i**2. List the prime factors of a(s).
2, 5
Let z be (-24)/84 + 2160/14. Let p = 191 - z. List the prime factors of p.
37
Let v(t) = -5*t - 4*t - 2*t - 2*t - 2*t - 159. List the prime factors of v(-22).
3, 19
Suppose -49*c + 40*c = 270. Let q = 405 - c. List the prime factors of q.
3, 5, 29
Let z(k) = -2*k - 20. Let p be z(-10). Suppose -2*f - 132 = -r, 3*r - 3*f = -p*f + 390. Suppose -r = -5*x + 3*x. List the prime factors of x.
2
Let u be 5200/8*(2 + -1). Suppose 2*r - 78 = -u. List the prime factors of (r - (3 - 4))*(-2)/6.
5, 19
Let d(k) = -59*k**3 + 4*k**2 + 20*k - 19. List the prime factors of d(-4).
3, 29, 43
Let b(q) = 6*q + 20. Let v be b(-3). Suppose -y - h + v = -0*h, -h